 (base 8) to base 5.
-1232
1420b (base 14) to base 7
265114
110001 (base 4) to base 5
20111
1776 (base 9) to base 8
2525
What is 223021 (base 4) in base 2?
101011001001
-22465 (base 8) to base 9
-14053
What is 547 (base 11) in base 16?
290
8903 (base 12) to base 7
62043
What is -52301 (base 6) in base 3?
-100122001
-10212130 (base 4) to base 5
-1100334
8ab0 (base 16) to base 4
20222300
What is -74541 (base 8) in base 2?
-111100101100001
What is 10011022 (base 3) in base 10?
2303
123 (base 11) to base 2
10010010
What is -2715 (base 8) in base 13?
-8a3
Convert 2411344 (base 5) to base 16.
ae37
Convert -11001 (base 2) to base 4.
-121
62 (base 16) to base 3
10122
Convert -1001111000 (base 2) to base 9.
-772
What is 3337 (base 8) in base 14?
8d9
Convert -10000 (base 3) to base 16.
-51
Convert 48e3 (base 15) to base 11.
10723
What is 3302324 (base 5) in base 13?
1c9b0
What is 24261 (base 10) in base 12?
12059
-15db (base 14) to base 12
-2325
-333223 (base 5) to base 15
-36e3
1b1 (base 15) to base 12
287
Convert -16202 (base 9) to base 8.
-25533
What is -1010010111011 (base 2) in base 13?
-2553
What is -527 (base 8) in base 5?
-2333
What is -110000011000 (base 2) in base 10?
-3096
What is 24622 (base 9) in base 16?
40a0
-16ba (base 14) to base 6
-30524
Convert 79 (base 16) to base 6.
321
Convert 310143 (base 5) to base 15.
2e9d
-10111110111101 (base 2) to base 10
-12221
Convert -1002 (base 6) to base 2.
-11011010
Convert -8a4 (base 15) to base 4.
-132202
Convert -309 (base 12) to base 2.
-110111001
Convert -63773 (base 10) to base 16.
-f91d
What is 110100011010 (base 2) in base 6?
23310
1506 (base 16) to base 5
133012
175 (base 11) to base 4
3023
Convert 1024 (base 9) to base 16.
2ef
-11100111010001 (base 2) to base 11
-10136
Convert 35f7 (base 16) to base 13.
6399
Convert 108c (base 14) to base 5.
42433
Convert 10200 (base 5) to base 10.
675
Convert 254 (base 16) to base 7.
1511
-101000100101 (base 2) to base 6
-20005
-6017 (base 9) to base 3
-20000121
11012111 (base 3) to base 13
1519
2510 (base 7) to base 12
662
What is -64264 (base 7) in base 13?
-732a
What is 305440 (base 7) in base 9?
78737
What is 31230 (base 4) in base 8?
1554
What is -8146 (base 10) in base 8?
-17722
What is -116 (base 12) in base 15?
-ac
Convert 783 (base 11) to base 7.
2510
What is -1c01 (base 16) in base 7?
-26621
Convert 44051 (base 6) to base 13.
29c8
-1b1 (base 14) to base 8
-537
What is 1010122 (base 3) in base 5?
11302
What is 104513 (base 7) in base 13?
8510
Convert -5217 (base 15) to base 6.
-212151
What is -6410 (base 7) in base 14?
-b77
Convert -2540 (base 7) to base 11.
-7a2
20332 (base 4) to base 15
284
What is 1001100000111 (base 2) in base 16?
1307
Convert -1026 (base 7) to base 9.
-443
What is 51 (base 12) in base 3?
2021
What is -10394 (base 11) in base 15?
-4722
Convert -3522 (base 6) to base 13.
-4ca
Convert 122121211 (base 3) to base 13.
5b03
What is -576 (base 11) in base 13?
-40c
What is 5318 (base 11) in base 8?
15575
What is 2190 (base 10) in base 2?
100010001110
Convert -126 (base 14) to base 2.
-11100110
What is 4259 (base 10) in base 8?
10243
-1402 (base 7) to base 6
-2301
What is 1182 (base 10) in base 14?
606
What is -10bb (base 12) in base 3?
-2120022
211232 (base 4) to base 16
96e
What is 12455 (base 7) in base 15?
eb8
What is -677 (base 15) in base 16?
-5b6
What is -82 (base 15) in base 13?
-95
Convert 1b56 (base 15) to base 12.
3523
What is -15645 (base 7) in base 3?
-20002120
Convert -a7 (base 16) to base 12.
-11b
Convert -2336 (base 11) to base 4.
-233320
What is 23236 (base 7) in base 6?
43324
1ac3c (base 14) to base 2
10000101010100110
Convert -101000000000 (base 2) to base 6.
-15504
-240625 (base 7) to base 11
-2a784
What is -12867 (base 11) in base 9?
-27142
What is 2201 (base 5) in base 14?
177
What is -175 (base 12) in base 9?
-278
Convert 14002 (base 6) to base 10.
2162
Convert -223 (base 12) to base 4.
-10323
1a4 (base 16) to base 4
12210
What is 18c2 (base 14) in base 8?
10602
-10764 (base 12) to base 15
-66ea
-13032010 (base 4) to base 6
-344524
What is -482 (base 11) in base 10?
-574
9a92 (base 13) to base 4
11101032
What is -2030 (base 6) in base 16?
-1c2
What is 4d4 (base 15) in base 5?
13344
What is 23106 (base 8) in base 12?
5806
What is 232313 (base 7) in base 16?
a2bc
-12344 (base 5) to base 3
-1100002
What is -1745 (base 15) in base 6?
-35115
Convert -74ad (base 14) to base 11.
-14154
Convert -103312123 (base 4) to base 10.
-81307
What is 13930 (base 10) in base 3?
201002221
What is 29d (base 14) in base 4?
20103
-5525 (base 14) to base 12
-8639
What is 368 (base 16) in base 11?
723
-35 (base 10) to base 11
-32
-261ab (base 12) to base 2
-1100101110010011
5c03 (base 16) to base 4
11300003
111111100111 (base 2) to base 5
112241
What is 794 (base 11) in base 5?
12300
Convert c2 (base 16) to base 5.
1234
What is 30a (base 15) in base 14?
36d
What is -3232340 (base 5) in base 13?
-1c264
Convert 3102 (base 4) to base 12.
156
What is 166 (base 9) in base 14?
a1
What is 187 (base 9) in base 6?
424
What is 29a (base 14) in base 5?
4103
13320133 (base 4) to base 14
baa3
What is 5310 (base 6) in base 10?
1194
-10100101 (base 2) to base 3
-20010
Convert 200032 (base 4) to base 2.
100000001110
Convert 4235 (base 8) to base 9.
3020
Convert 10111100 (base 3) to base 13.
120c
Convert -3000 (base 6) to base 11.
-53a
679 (base 11) to base 2
1100101100
36a0 (base 14) to base 13
4466
1325 (base 6) to base 12
245
Convert -2993 (base 12) to base 7.
-20115
Convert 17a (base 11) to base 4.
3100
1011113 (base 4) to base 5
120224
What is 1a40 (base 14) in base 10?
4760
100100110100 (base 2) to base 3
10020021
Convert -1281 (base 9) to base 6.
-4244
Convert 104245 (base 6) to base 12.
5085
What is -100022011 (base 3) in base 8?
-15175
-3111 (base 4) to base 9
-256
Convert -173 (base 11) to base 14.
-105
Convert -132 (base 5) to base 16.
-2a
1233312 (base 4) to base 12
4186
Convert -113031 (base 4) to base 15.
-690
-80676 (base 9) to base 10
-53043
What is -4334 (base 5) in base 8?
-1122
What is 2d4 (base 14) in base 7?
1454
Convert 5965 (base 15) to base 6.
223535
-49a (base 11) to base 14
-305
What is -1175 (base 9) in base 3?
-1012112
What is -2972 (base 12) in base 14?
-1a98
Convert 1281 (base 9) to base 4.
33010
-2020 (base 5) to base 15
-125
1433 (base 5) to base 3
100000
What is -401652 (base 7) in base 4?
-100210332
20020 (base 4) to base 13
310
Convert 1350 (base 8) to base 9.
1016
What is 760 (base 10) in base 9?
1034
-370 (base 10) to base 15
-19a
What is 814 (base 14) in base 3?
2011202
-1189 (base 10) to base 4
-102211
What is -12002112 (base 3) in base 5?
-104323
121121 (base 3) to base 5
3243
What is 1b13 (base 12) in base 9?
4506
Convert -232513 (base 6) to base 16.
-4e5d
What is -38c9 (base 16) in base 11?
-aa16
22231230 (base 4) to base 13
16c89
What is -37015 (base 9) in base 16?
-60e0
What is -43143 (base 6) in base 4?
-1130013
Convert -21410 (base 5) to base 14.
-77a
What is -2321143 (base 5) in base 13?
-161a6
2144 (base 8) to base 7
3164
Convert -3b41 (base 12) to base 2.
-1101010100001
Convert 3431 (base 13) to base 8.
16213
Convert -2b9 (base 15) to base 6.
-2520
Convert -5352 (base 14) to base 8.
-34054
110212 (base 7) to base 12
b217
-162163 (base 7) to base 13
-11740
Convert -1200 (base 5) to base 7.
-340
Convert 50004 (base 6) to base 7.
24622
What is 120 (base 12) in base 9?
206
Convert 37 (base 16) to base 3.
2001
What is -1bd4 (base 15) in base 4?
-1132201
What is -17082 (base 11) in base 8?
-56760
-102202 (base 3) to base 14
-189
Convert 3637 (base 12) to base 4.
1133023
Convert 43 (base 14) to base 10.
59
Convert 220022120 (base 3) to base 16.
453f
Convert 1132 (base 5) to base 11.
142
What is 113a1 (base 12) in base 16?
59e9
Convert 559 (base 16) to base 6.
10201
2cf (base 16) to base 15
32e
What is 1438 (base 10) in base 2?
10110011110
-5353 (base 8) to base 9
-3745
461 (base 16) to base 8
2141
-42364 (base 7) to base 16
-28f3
Convert 4877 (base 13) to base 7.
41564
Convert 12140 (base 6) to base 12.
1050
26220 (base 8) to base 7
45155
-3771 (base 12) to base 9
-8544
-454 (base 8) to base 10
-300
What is -11011010100 (base 2) in base 8?
-3324
Convert -1202220 (base 3) to base 14.
-685
Convert 434 (base 14) t